). Calculate the greatest common factor of q and 43.
43
Let u be 30/(-70) - (-115)/7. Suppose u = 4*q - 3*p + p, -p = 2. Suppose 3*k + 5 = k - q*w, 0 = -4*w - 12. What is the highest common divisor of k and 4?
2
Let n = -38 - -38. Suppose 5*v - 5*w - 155 = n, w = -v + 4*v - 103. What is the greatest common factor of v and 9?
9
Let s(z) = -49*z - 92. Let h be s(-3). What is the highest common factor of h and 88?
11
Let g(n) = n + 1. Let m be g(-1). Suppose -5*x = -2*l + 4*l - 118, m = 5*l + 5. Suppose 180 = 53*r - 50*r. What is the greatest common divisor of x and r?
12
Suppose -2*k + 8 = -16. Let i be (k/(-18))/(2/(-39)). Calculate the greatest common factor of 143 and i.
13
Let x(w) = -w**3 - 5*w**2 - 4*w - 13. Let z be x(-5). Calculate the greatest common factor of z and 126.
7
Let a(o) = o**2 - 7*o - 3. Let m be a(9). Let r be 6/14 + (-4 - (-854)/(-49)). Let b = 36 + r. What is the greatest common divisor of m and b?
15
Let p(f) be the third derivative of f**5/15 + f**3/3 - f**2. Let q be p(-2). Calculate the highest common divisor of q and 12.
6
Let d(i) = 83*i**2 - 4*i - 7. Let a be d(-2). Let g = a + -91. Calculate the highest common divisor of g and 22.
22
Let r(w) be the first derivative of w**4/4 + w**3 - 2*w**2 + 2*w - 4. Let c be r(-4). Suppose 4*s = c*s + 24. Calculate the highest common factor of 3 and s.
3
Suppose 0 = -2*s - 27 - 21. Let h(k) = k**3 - 11*k**2 + 6*k. Let d be h(8). Let l = s - d. Calculate the greatest common factor of l and 24.
24
Let m = -12 + 15. Suppose -m*i + 3*f - 10 = -i, 4*f = 4*i + 16. Let z be 2 + 158 - 2/i. What is the highest common divisor of z and 23?
23
Let k = -8 + 32. What is the greatest common factor of 12 and k?
12
Let x = 341 + -328. Calculate the highest common divisor of 65 and x.
13
Suppose 69*w = -4*y + 66*w + 138, 3*y - 4*w = 116. What is the highest common divisor of y and 1176?
12
Let t(g) = -68*g - 561. Let p be t(-9). Calculate the highest common factor of p and 493.
17
Let i = 622 - 613. Calculate the highest common divisor of i and 15.
3
Suppose 5*g + 3*c = 400, -2*g - 4*c = -c - 160. Let i(o) = -o**3 - 11*o**2 + 14*o + 44. Let a be i(-13). Calculate the highest common divisor of a and g.
40
Let m = -1446 - -1462. Calculate the greatest common factor of 44 and m.
4
Suppose 84*s - 93*s + 405 = 0. Let w be (-118)/3 + (-6)/9. Let a be ((-1)/2)/(4/w). What is the highest common divisor of a and s?
5
Let t = -542 - -558. Calculate the highest common factor of t and 28.
4
Suppose 7*g = -13*g + 9*g. Let h = 6 - g. What is the greatest common divisor of 6 and h?
6
Let w(x) = x**3 + 4*x**2 + x - 1. Let f be w(-3). Suppose 0 = -4*i + 2*z + 130, i + 4*z = 6*z + 40. What is the highest common factor of f and i?
5
Suppose -8*b - 3*k = -7*b - 485, -3*k = -4*b + 1865. What is the highest common factor of 94 and b?
94
Suppose -3*g - 19 = -4*s, -4*g + 0*g = 4. Let v(r) = 13*r**2 - 6*r + 4. Let x be v(s). Let a = x + -118. Calculate the highest common factor of a and 10.
10
Suppose 5*v - x = -95, -4*v + 0*v + 4*x - 60 = 0. Suppose i = 4*i + 216. Let c be ((-70)/v)/((-2)/i). What is the highest common divisor of 14 and c?
14
Let s(d) = d**2 - 32*d + 141. Let p be s(28). Calculate the greatest common divisor of p and 1479.
29
Let y be 152*10/(-15)*(-9)/6. Calculate the greatest common factor of 40 and y.
8
Suppose -11*m + 13*m = -38. Let t be -4 - (-3 - 3)*m. Let g = -19 - t. What is the greatest common factor of g and 9?
9
Let y(q) = q**3 + 14*q**2 + 10*q - 3. Suppose -35 = 5*b - 5*l, -8*b - 2*l = -7*b + 19. Let h be y(b). What is the greatest common divisor of h and 25?
25
Let f be ((-162)/8)/(-4 + (-4018)/(-1008)). Calculate the highest common divisor of 54 and f.
54
Suppose -4*s + 16 = 2*y, 5*y + s + 3 - 7 = 0. Suppose 0 = 3*z - 4 - 8. Suppose -w + 2*d + 44 = y, z*d = 8*d + 4. What is the greatest common divisor of w and 7?
7
Let j(i) = 7*i**3 - 2*i**2 - 1. Let v be j(-2). Let h = v - -44. Let w be (7/h)/((-2)/42). What is the greatest common factor of w and 49?
7
Let m be (-12)/(-42) + 10/14 + 3. Suppose 78 = m*o + 14. What is the highest common factor of o and 8?
8
Suppose 2*u + 2*q - 14 = 0, 8*u - 5*u - q - 29 = 0. Let b(k) = 64*k**2 + 2*k + 1. Let j be b(-1). What is the greatest common factor of u and j?
9
Let b be 1012/(-6) + 6/9. Let o be b/(-27) - 8/36. What is the greatest common divisor of o and 42?
6
Let f = 290 - 229. What is the greatest common divisor of 793 and f?
61
Let b = -51 + 49. Let r be (3/(-2))/(21/112)*b. Calculate the greatest common divisor of 160 and r.
16
Suppose 0 = 5*t + 3*l + 5, -5*t = -2*l - 2 + 32. Let w be t - (-4)/(3/3). Suppose 0 = 4*n - w - 40. Calculate the greatest common factor of 4 and n.
2
Let l(i) = 3*i + 2. Let v be l(2). Let u(s) = -29*s + 1. Let y be u(3). Let m be y/(-2) - (-5 + 8). Calculate the highest common factor of v and m.
8
Let k = 59 + -101. Let j be (-642)/k + (-2)/7. What is the highest common factor of 105 and j?
15
Suppose -5*r + b + 2*b + 158 = 0, -166 = -5*r + b. Let m(z) = -8 + 7*z + 18*z - 11*z. Let q be m(3). Calculate the highest common divisor of q and r.
34
Let l(u) be the first derivative of -u**4/4 + 8*u**3/3 - 3*u**2/2 + u + 45. Let w be l(7). Calculate the greatest common factor of w and 87.
29
Suppose 33*j = 1066 - 373. What is the greatest common divisor of 3 and j?
3
Let u be (-1 + 53/1)/(226/4181). Calculate the greatest common factor of u and 52.
26
Let p be (-3)/(-3) + 124 + -3 + 0. Calculate the greatest common factor of 4514 and p.
122
Suppose -5*k = q + 2*q + 7, 1 = k + 3*q. Let a be (60/25)/(k/(-75)). Calculate the highest common factor of a and 10.
10
Suppose 2*w = 6, -2*b + w = -3*w. Suppose y - 27 = -r, 3*r = b*r - 5*y - 121. What is the greatest common divisor of 8 and r?
8
Let y = 4 + -7. Let d be 5 - y/9*-3. Suppose -3*k = -53 - 55. Calculate the highest common factor of k and d.
4
Let x = -34 + 38. Let p be -18*(x + (-39)/9). What is the highest common factor of 15 and p?
3
Suppose 2*c + 0*c - 160 = 0. Suppose -3*n = -4*k - 0*k + 65, 10 = 2*n. Suppose z + z = k. Calculate the greatest common divisor of c and z.
10
Suppose 6*m - 10 = 4*m. Suppose -l + 43 = 3*b, -3*b + m*l = -73 + 18. What is the greatest common factor of b and 120?
15
Let t(p) = p**3 - 21*p**2 - 15*p - 67. Let m be t(22). What is the highest common factor of 609 and m?
87
Suppose 3*f + 2*a - 17 = 0, 0 = -2*f - 5*a + 4*a + 11. Let w = 6 - -9. Calculate the greatest common factor of f and w.
5
Suppose -3*f = m - 4202, 4147 + 30 = m - 2*f. What is the highest common factor of m and 53?
53
Let t be ((-63)/3)/((-3)/15). Let m = 139 - 69. What is the highest common factor of m and t?
35
Suppose 105 = 4*y + 3*o + 26, -3*o + 15 = 0. Suppose 0 = -11*x + y*x + 35. Let p be (8/x)/(8/(-28)). Calculate the highest common divisor of p and 32.
4
Suppose 9*g = 167 + 103. Calculate the greatest common factor of g and 45.
15
Let b = -72 - -84. Let l(n) = n + 30. Let v be l(b). What is the highest common divisor of 12 and v?
6
Let k be (63/(-6))/(3/(-12)). What is the highest common divisor of k and 3?
3
Suppose 167*a - 158*a - 162 = 0. What is the highest common divisor of a and 342?
18
Suppose 2*z = -0*z + 54. Let d(y) = 2*y**3 - 9*y**2 - y - 14. Let w be d(5). What is the highest common factor of z and w?
3
Let c(s) = 9*s - 1. Let x be c(4). Suppose 18 - 18 = -o. Suppose 13*k - 10*k - 15 = o. Calculate the highest common factor of x and k.
5
Let h = 99 + -51. Let y(m) = -3*m + 8. Let a be y(-8). Calculate the greatest common factor of h and a.
16
Suppose 78*f - 54*f = 312. What is the greatest common factor of 793 and f?
13
Suppose -30*h + 6283 = -3437. Calculate the greatest common factor of h and 252.
36
Let q(z) = -2*z**3 + 17*z**2 + 111*z + 9. Let t be q(-8). What is the highest common factor of 9 and t?
9
Let d be 204/374*66/4. What is the highest common factor of 333 and d?
9
Suppose -11*j + 10*j = 4*k - 346, 5*k = -2*j + 695. What is the greatest common factor of j and 28?
14
Let i = 455 - 408. Calculate the greatest common factor of 1 and i.
1
Suppose -84 = -8*m + 276. Calculate the greatest common divisor of 330 and m.
15
Suppose 2*s + 5*s - 154 = 0. Let q = s - 20. Suppose -5*f + b + 26 = 0, 2*b = q*f - b - 13. What is the highest common factor o